a prime number?
True
Is 16989083 a composite number?
True
Is 327642463 a prime number?
False
Is 3629287 a prime number?
True
Is 39115393 composite?
False
Is 1485982 prime?
False
Is 1723467 a prime number?
False
Is 53762113 composite?
True
Is 1338783 composite?
True
Is 31227241 a composite number?
True
Is 34677683 a composite number?
False
Is 54751 a prime number?
True
Is 985213 a composite number?
False
Is 8738501 composite?
True
Is 71321849 composite?
False
Is 6699541 a prime number?
True
Is 175329611 a composite number?
False
Is 1575229 prime?
False
Is 10653785 a composite number?
True
Is 90140119 prime?
True
Is 14222899 a prime number?
True
Is 147790529 prime?
True
Is 38521579 composite?
False
Is 6936659 composite?
False
Is 369555311 composite?
False
Is 8247641 a composite number?
False
Is 28784309 a composite number?
False
Is 1479705529 a composite number?
True
Is 1243639 a composite number?
False
Is 36258133 a prime number?
True
Is 36927703 a composite number?
True
Is 11701609 composite?
False
Is 2492029 prime?
False
Is 297181 a prime number?
False
Is 42382819 a prime number?
False
Is 2920091 prime?
False
Is 65221643 prime?
True
Is 17503753 composite?
True
Is 14236639 a composite number?
False
Is 26851319 composite?
True
Is 16769081 composite?
True
Is 747049 prime?
True
Is 59344645 a composite number?
True
Is 3524867 composite?
False
Is 181605887 prime?
True
Is 2994697 a composite number?
False
Is 41676178 composite?
True
Is 646213 a prime number?
False
Is 291481 a prime number?
True
Is 255305273 a prime number?
True
Is 448397 a prime number?
True
Is 16363549 prime?
True
Is 13597543 a composite number?
False
Is 4041185 a prime number?
False
Is 726694553 a composite number?
True
Is 13122197 a prime number?
False
Is 26335783 a composite number?
True
Is 6812057 a prime number?
False
Is 2311861 prime?
True
Is 19932629 a prime number?
True
Is 22773677 a composite number?
False
Is 43829699 a composite number?
True
Is 3368433 composite?
True
Is 3292579 composite?
False
Is 788743 a prime number?
False
Is 136745899 a prime number?
True
Is 393629 a composite number?
False
Is 70365259 a composite number?
False
Is 4463663 composite?
False
Is 4747927 prime?
True
Is 46628579 a prime number?
False
Is 4393031 composite?
False
Is 19829167 a composite number?
False
Is 5584555 a prime number?
False
Is 902759539 prime?
False
Is 26659421 a composite number?
False
Is 17108995 prime?
False
Is 1717913 composite?
False
Is 24325779 prime?
False
Is 2650889 composite?
True
Is 26426791 a prime number?
True
Is 5548693 a composite number?
False
Is 3071833 a composite number?
False
Is 84306293 a prime number?
False
Is 8966015 a prime number?
False
Is 9270629 prime?
False
Is 367742 prime?
False
Is 17709521 composite?
False
Is 3374497 a composite number?
True
Is 736727 prime?
False
Is 3759517 a composite number?
False
Is 30476153 a prime number?
False
Is 240241409 a prime number?
True
Is 1216543 composite?
False
Is 21230497 composite?
True
Is 205376791 a composite number?
False
Is 157939009 prime?
False
Is 101017421 prime?
False
Is 107603519 a prime number?
True
Is 331890817 a prime number?
False
Is 2035493 composite?
False
Is 1625747 a prime number?
True
Is 48385877 a composite number?
False
Is 160223459 composite?
True
Is 154261867 a prime number?
True
Is 15132279 composite?
True
Is 1510573 prime?
True
Is 143911634 a composite number?
True
Is 35274037 a composite number?
False
Is 32639 composite?
True
Is 485751281 a composite number?
True
Is 92719 a composite number?
True
Is 988901351 a prime number?
True
Is 8147 prime?
True
Is 331003 a composite number?
True
Is 8239139 a composite number?
False
Is 3721021 prime?
False
Is 2866699 a composite number?
True
Is 558525163 a prime number?
False
Is 3571871 prime?
True
Is 916257971 a prime number?
True
Is 3028729 composite?
True
Is 750629 a composite number?
True
Is 26448079 a prime number?
False
Is 43733057 a prime number?
False
Is 8365897 composite?
False
Is 6815495 composite?
True
Is 11279335 a composite number?
True
Is 6644371 prime?
True
Is 783065009 prime?
True
Is 1265273 composite?
False
Is 4461049 prime?
False
Is 619963 a prime number?
False
Is 3329247 a prime number?
False
Is 11983229 prime?
True
Is 5455129 composite?
False
Is 51141277 prime?
False
Is 11306353 a prime number?
True
Is 889337 a prime number?
True
Is 2122871 a prime number?
False
Is 1412373 prime?
False
Is 17703211 composite?
True
Is 47109581 composite?
False
Is 278093111 a composite number?
False
Is 44363029 prime?
False
Is 396103207 a composite number?
False
Is 208301723 a composite number?
True
Is 2871013 a composite number?
False
Is 37613317 composite?
True
Is 12878753 composite?
False
Is 7764437 prime?
True
Is 284723 composite?
False
Is 1810631 a prime number?
False
Is 26679209 prime?
True
Is 3861659 prime?
True
Is 436559 prime?
False
Is 49294787 a prime number?
True
Is 1532693 prime?
True
Is 5235913 a prime number?
True
Is 14309885 composite?
True
Is 29511511 composite?
True
Is 10265 prime?
False
Is 526723 a prime number?
False
Is 9926815 a composite number?
True
Is 12877451 a prime number?
True
Is 181832977 composite?
False
Is 6031409 prime?
True
Is 3052177 a composite number?
False
Is 254651 a prime number?
False
Is 127599 composite?
True
Is 625595657 a prime number?
True
Is 1326343 a composite number?
False
Is 5288461 composite?
True
Is 3274129 composite?
True
Is 362189857 a prime number?
True
Is 3263879 composite?
False
Is 52814389 composite?
False
Is 86320061 composite?
True
Is 38336209 a composite number?
False
Is 792825661 a prime number?
True
Is 562141453 composite?
False
Is 2983433 prime?
False
Is 18397 composite?
False
Is 141128393 prime?
False
Is 208838969 a prime number?
True
Is 8093051 a prime number?
False
Is 2293807 prime?
False
Is 3049523 prime?
True
Is 339684737 prime?
False
Is 72370267 a composite number?
False
Is 9418163 prime?
True
Is 76943137 prime?
False
Is 212176165 a composite number?
True
Is 18491173 composite?
False
Is 385157 composite?
True
Is 37320793 a prime number?
False
Is 32713823 prime?
True
Is 798871 a composite number?
False
Is 494641 prime?
False
Is 456091 a composite number?
False
Is 33175897 prime?
True
Is 256302967 composite?
True
Is 29464433 a prime number?
True
Is 63025181 a prime number?
False
Is 17766337 prime?
True
Is 19032955 composite?
True
Is 325042589 a prime number?
True
Is 28850951 composite?
False
Is 13444561 prime?
False
Is 15626363 prime?
True
Is 1519776559 prime?
False
Is 2793809 composite?
False
Is 79269137 prime?
True
Is 1551013 a prime number?
True
Is 216199 composite?
True
Is 6823417 a composite number?
True
Is 164525069 a prime number?
True
Is 187485307 a prime number?
True
Is 193477579 composite?
True
Is 17134486 prime?
False
Is 6214811 a composite number?
False
Is 22620502 prime?
False
Is 433221 composite?
True
Is 7328771 a prime number?
True
Is 124744495 a prime number?
False
Is 4859813 prime?
False
Is 16252361 a composite number?
True
Is 644923 a composite number?
False
Is 2145453 a composite number?
True
Is 1014511 a prime number?
False
Is 155314903 prime?
True
Is 1529129 a prime number?
False
Is 735458483 prime?
False
Is 1784137 composite?
False
Is 5862211 a prime number?
True
Is 391487 a composite number?
False
Is 22574069 composite?
True
Is 362123219 a prime number?
False
Is 45577939 a prime number?
False
Is 1909783 a prime number?
True
Is 20844133 composite?
False
Is 42571603 a prime number?
True
Is 11129218 prime?
False
Is 151488965 composite?
True
Is 64492231 composite?
False
Is 6628499 composite?
False
Is 1048043 a composite number?
False
Is 1077127 a composite number?
False
Is 112111 a prime number?
True
Is 2534093 a prime number?
False
Is 8820211 a prime number?
False
Is 3997349 composite?
False
Is 140573 a composite number?
True
Is 4536317 prime?
True
Is 46974307 a composite number?
False
Is 29422747 a prime number?
False
Is 8722423 a composite number?
False
Is 4560901 composite?
False
Is 127467721 composite?
False
Is 69468337 a prime number?
True
Is 26900089 a prime number?
False
Is 1823439 composite?
True
Is 32415697 a prime number?
False
Is 118933753 prime?
False
Is 3317507 prime?
True
Is 10681735 composite?
True
Is 172957163 a prime number?
False
Is 6639221 composite?